137
What are the prime factors of 714?
2, 3, 7, 17
What are the prime factors of 32708?
2, 13, 17, 37
What are the prime factors of 129562?
2, 64781
List the prime factors of 99427.
19, 5233
What are the prime factors of 1102?
2, 19, 29
What are the prime factors of 973?
7, 139
What are the prime factors of 15408?
2, 3, 107
List the prime factors of 16013.
67, 239
List the prime factors of 26479.
26479
What are the prime factors of 8684?
2, 13, 167
What are the prime factors of 5888?
2, 23
List the prime factors of 35398.
2, 11, 1609
List the prime factors of 24470.
2, 5, 2447
What are the prime factors of 2211?
3, 11, 67
List the prime factors of 109327.
17, 59, 109
What are the prime factors of 64?
2
What are the prime factors of 1662?
2, 3, 277
What are the prime factors of 113836?
2, 149, 191
What are the prime factors of 2415?
3, 5, 7, 23
List the prime factors of 6534.
2, 3, 11
List the prime factors of 42007.
7, 17, 353
List the prime factors of 1771.
7, 11, 23
List the prime factors of 6942.
2, 3, 13, 89
List the prime factors of 2879.
2879
List the prime factors of 3681.
3, 409
What are the prime factors of 85851?
3, 9539
List the prime factors of 60208.
2, 53, 71
What are the prime factors of 20585?
5, 23, 179
What are the prime factors of 13146?
2, 3, 7, 313
What are the prime factors of 121532?
2, 23, 1321
List the prime factors of 10877.
73, 149
What are the prime factors of 412?
2, 103
List the prime factors of 32391.
3, 59, 61
List the prime factors of 1241.
17, 73
What are the prime factors of 1486?
2, 743
List the prime factors of 38172.
2, 3, 3181
What are the prime factors of 1435?
5, 7, 41
List the prime factors of 23580.
2, 3, 5, 131
List the prime factors of 2531.
2531
List the prime factors of 14288.
2, 19, 47
List the prime factors of 1036.
2, 7, 37
List the prime factors of 5578.
2, 2789
What are the prime factors of 1196?
2, 13, 23
List the prime factors of 1834.
2, 7, 131
List the prime factors of 40298.
2, 20149
What are the prime factors of 29556?
2, 3, 821
List the prime factors of 23490.
2, 3, 5, 29
List the prime factors of 20306.
2, 11, 13, 71
List the prime factors of 3601.
13, 277
What are the prime factors of 904?
2, 113
What are the prime factors of 7497?
3, 7, 17
What are the prime factors of 2735?
5, 547
List the prime factors of 1548.
2, 3, 43
List the prime factors of 19307.
43, 449
What are the prime factors of 961?
31
What are the prime factors of 7578?
2, 3, 421
What are the prime factors of 145552?
2, 11, 827
What are the prime factors of 103077?
3, 13, 881
What are the prime factors of 8924?
2, 23, 97
List the prime factors of 6951.
3, 7, 331
What are the prime factors of 2657?
2657
List the prime factors of 10311.
3, 7, 491
What are the prime factors of 44132?
2, 11, 17, 59
What are the prime factors of 129147?
3, 43049
List the prime factors of 50951.
50951
What are the prime factors of 106783?
106783
What are the prime factors of 758?
2, 379
List the prime factors of 18231.
3, 59, 103
List the prime factors of 196.
2, 7
List the prime factors of 979.
11, 89
What are the prime factors of 31063?
31063
What are the prime factors of 786?
2, 3, 131
List the prime factors of 2084.
2, 521
What are the prime factors of 826?
2, 7, 59
What are the prime factors of 5149?
19, 271
List the prime factors of 56.
2, 7
What are the prime factors of 98869?
98869
What are the prime factors of 16629?
3, 23, 241
What are the prime factors of 99752?
2, 37, 337
List the prime factors of 4071.
3, 23, 59
What are the prime factors of 231?
3, 7, 11
List the prime factors of 94279.
29, 3251
What are the prime factors of 1983?
3, 661
List the prime factors of 10214.
2, 5107
List the prime factors of 1604.
2, 401
What are the prime factors of 15?
3, 5
What are the prime factors of 3530?
2, 5, 353
List the prime factors of 20426.
2, 7, 1459
What are the prime factors of 1805?
5, 19
List the prime factors of 403.
13, 31
What are the prime factors of 878?
2, 439
List the prime factors of 26725.
5, 1069
What are the prime factors of 31264?
2, 977
List the prime factors of 887.
887
What are the prime factors of 2412?
2, 3, 67
List the prime factors of 1527.
3, 509
What are the prime factors of 1185?
3, 5, 79
What are the prime factors of 3721?
61
What are the prime factors of 31266?
2, 3, 193
List the prime factors of 12228.
2, 3, 1019
What are the prime factors of 28209?
3, 9403
List the prime factors of 4626.
2, 3, 257
What are the prime factors of 1190?
2, 5, 7, 17
List the prime factors of 5947.
19, 313
What are the prime factors of 8674?
2, 4337
What are the prime factors of 5042?
2, 2521
What are the prime factors of 2008?
2, 251
List the prime factors of 360.
2, 3, 5
List the prime factors of 22298.
2, 11149
List the prime factors of 100.
2, 5
What are the prime factors of 1737?
3, 193
What are the prime factors of 19141?
19141
What are the prime factors of 4611?
3, 29, 53
What are the prime factors of 26956?
2, 23, 293
What are the prime factors of 67652?
2, 13, 1301
What are the prime factors of 2862?
2, 3, 53
What are the prime factors of 2291?
29, 79
What are the prime factors of 67?
67
List the prime factors of 676.
2, 13
List the prime factors of 93186.
2, 3, 31, 167
What are the prime factors of 15593?
31, 503
What are the prime factors of 656?
2, 41
What are the prime factors of 1674?
2, 3, 31
What are the prime factors of 5655?
3, 5, 13, 29
List the prime factors of 4335.
3, 5, 17
List the prime factors of 1396.
2, 349
List the prime factors of 28552.
2, 43, 83
List the prime factors of 28658.
2, 7, 23, 89
List the prime factors of 97657.
7, 1993
What are the prime factors of 173248?
2, 2707
What are the prime factors of 4059?
3, 11, 41
List the prime factors of 81659.
37, 2207
List the prime factors of 1635.
3, 5, 109
List the prime factors of 13650.
2, 3, 5, 7, 13
What are the prime factors of 1313?
13, 101
List the prime factors of 2764.
2, 691
What are the prime factors of 4777?
17, 281
What are the prime factors of 2107?
7, 43
List the prime factors of 164.
2, 41
What are the prime factors of 13960?
2, 5, 349
List the prime factors of 13254.
2, 3, 47
List the prime factors of 2629.
11, 239
What are the prime factors of 4339?
4339
List the prime factors of 1676.
2, 419
List the prime factors of 672.
2, 3, 7
What are the prime factors of 992?
2, 31
List the prime factors of 1243.
11, 113
What are the prime factors of 26192?
2, 1637
What are the prime factors of 132142?
2, 66071
What are the prime factors of 50?
2, 5
List the prime factors of 1877.
1877
What are the prime factors of 9270?
2, 3, 5, 103
What are the prime factors of 284?
2, 71
What are the prime factors of 1562?
2, 11, 71
List the prime factors of 6767.
67, 101
List the prime factors of 1119.
3, 373
List the prime factors of 41949.
3, 59, 79
What are the prime factors of 2846?
2, 1423
List the prime factors of 26502.
2, 3, 7, 631
What are the prime factors of 10836?
2, 3, 7, 43
List the prime factors of 97343.
311, 313
What are the prime factors of 2536?
2, 317
What are the prime factors of 1116?
2, 3, 31
List the prime factors of 9047.
83, 109
What are the prime factors of 18000?
2, 3, 5
List the prime factors of 109.
109
What are the prime factors of 1943?
29, 67
What are the prime factors of 4302?
2, 3, 239
What are the prime factors of 291?
3, 97
What are the prime factors of 1348?
2, 337
List the prime factors of 929.
929
What are the prime factors of 55374?
2, 3, 11, 839
What are the prime factors of 3241?
7, 463
List the prime factors of 1215.
3, 5
What are the prime factors of 2149?
7, 307
List the prime factors of 1519.
7, 31
What are the prime factors of 56089?
11, 5099
List the prime factors of 2673.
3, 11
What are the prime factors of 54726?
2, 3, 7, 1303
What are the prime factors of 8620?
2, 5, 431
What are the prime factors of 166?
2, 83
What are the prime factors of 11429?
11, 1039
List the prime factors of 3434.
2, 17, 101
List the prime factors of 172.
2, 43
What are the prime factors of 32505?
3, 5, 11, 197
What are the prime factors of 2573?
31, 83
List the prime factors of 735.
3, 5, 7
List the prime factors of 44892.
2, 3, 29, 43
What are the prime factors of 88938?
2, 3, 61
List the prime factors of 820.
2, 5, 41
List 